3)*3 - -2. Suppose 17*z - 270 = i*z. Calculate the remainder when 116 is divided by z.
26
Suppose -2*v = -4*c + 948, 5*c - 1164 = -39*v + 31*v. What is the remainder when c is divided by 206?
30
Calculate the remainder when 3346 is divided by (4 + (-546)/15)*((-152)/24 + 3).
106
Let n = 7822 + -7647. What is the remainder when 690 is divided by n?
165
Suppose -67*d = -89*d - 9*d + 1023. Calculate the remainder when (-41)/(-2*(-1)/(-6)) is divided by d.
24
Let r(m) = m**3 - 4*m**2 + 1. Suppose 0 = -32*t + 3051 - 363. Calculate the remainder when (0 + 1)*t/12*1 is divided by r(4).
0
Let w = 622 - 742. What is the remainder when 238 is divided by ((-12)/(-15))/((-4)/w)?
22
Suppose 0 = 5*q - 3*p - 9, 5*p = 5*q - q - 15. Let m be (-7 - (q + -5))*(-58)/(-4). Calculate the remainder when (7 + -3)*m*(-1)/2 is divided by 12.
10
Let i be ((-170)/(-255))/(1 + (-661)/663). Let f = i - 90. What is the remainder when f is divided by 6?
5
Calculate the remainder when (-2716)/42*3/4*-4 is divided by 75.
44
Suppose -3*z + 2*c + 5844 = 5*c, c + 1958 = z. Calculate the remainder when z is divided by 178.
173
Let f(p) = p**2 + 63*p + 600. What is the remainder when 88 is divided by f(-11)?
4
Suppose 14*t - 225 = 19*t. Let a be (2/(-3) + (-30)/t)/1. Suppose 5*v + h - 130 = 4*h, v + h - 26 = a. What is the remainder when v is divided by 15?
11
Suppose -5*k + i - 64 = 642, -2*k + i - 283 = 0. What is the remainder when (3/(-3))/(3/k) is divided by 10?
7
Suppose -2*q - 6*k + 2*k + 8 = 0, 2*k + 4 = 0. Suppose -q*j + 56 = -j. What is the remainder when 43 - j - 0/(-1 - -2) is divided by 9?
8
Suppose -3*t + 7 = -4*t, -5*i = t - 673. Calculate the remainder when 388 is divided by i.
116
Suppose 86*s + 352054 = 292*s. What is the remainder when s is divided by 101?
93
Suppose 2*c - 75 - 85 = 0. Let s(b) = 727*b + 2999. What is the remainder when s(-4) is divided by c?
11
Let v(k) = k**3 - 3*k + 159. What is the remainder when v(0) is divided by (-6)/(-4 + 11/3)?
15
Let w = -4117 + 4173. What is the remainder when 444 is divided by w?
52
Let k(v) be the second derivative of 1/20*v**5 - 5/2*v**2 - 2/3*v**4 + 0 + 19*v + 1/2*v**3. Calculate the remainder when 92 is divided by k(8).
16
Suppose 24 = 4*w, 266 = 3*k + 4*w - 457. What is the remainder when k is divided by 27?
17
Let k(y) = -y**2 + 6*y + 5. Calculate the remainder when -4*149*149/(-596) is divided by k(5).
9
Suppose 0 = -2875*q + 2818*q + 2052. Calculate the remainder when 944 is divided by q.
8
Suppose -687 = -4*u + 3*z, 1186 = 29*u - 22*u - 2*z. What is the remainder when u is divided by 77?
14
Suppose w - 60 = -3*s, 0 = w - 7*s + 2*s - 68. Let j = w - 41. What is the remainder when 103 is divided by j?
15
Suppose -51*j = -2*j + 49*j - 2450. Calculate the remainder when 652 is divided by j.
2
Let d = -742 - -668. Let t = d + 136. What is the remainder when t is divided by 6?
2
Suppose 124*x = -x + 4*x + 1210. What is the remainder when x is divided by 8/6*(-9)/(-2)?
4
Suppose 5*h = -3*y + 308, -2*y + 133 = 2*h + 13. Let w = h + -47. Calculate the remainder when 62 is divided by w.
11
Suppose c - 37 = p, 2*c + c + 2*p - 121 = 0. Suppose 511*l - 503*l - 176 = 0. Suppose l*x = 27*x - 65. Calculate the remainder when c is divided by x.
0
Let c(h) = -962*h - 14. Let v be c(2). Calculate the remainder when 251 is divided by 7*(-1 + -2 - v/238).
35
Let v(f) = -f**2 - 14*f - 24. Let r be v(-11). Suppose r*o - 13*o + 92 = 0. Calculate the remainder when o is divided by 10.
3
What is the remainder when ((1655/5 - 3) + 4)*1 is divided by 170?
162
Let p = -872 + 877. Suppose -5*y + 205 = 5*h, -88 = 3*h - p*h - 4*y. Calculate the remainder when 159 is divided by h.
7
Let q be -7 + 8 + 10 + 1. Let b be (q/10)/(14/(-630)). Calculate the remainder when b*1/(-2 - 0) is divided by 15.
12
Suppose -611*n + 607*n + 12748 = -2*o, -3*n = -o - 9564. Calculate the remainder when n is divided by 31.
28
Suppose 54978 = 27*a + 32*a + 39*a. What is the remainder when a is divided by 27?
21
Suppose -5*s + 5 = -15. Suppose s*u - 2*n = 3920, -4*n + 1 = 9. What is the remainder when u is divided by 28?
27
Suppose 3*y + 2466 = 5*t, 0 = -t + 4*y - 211 + 711. Let x = 625 - t. Calculate the remainder when x is divided by 67.
66
Let y(x) = -204*x - 9 - 2 + 223*x - 2*x**2. Let d be y(9). Calculate the remainder when 68 is divided by -4 + (3*d)/(12/(-64)).
12
Let x(j) = 3*j**2 + 10*j + 18. Suppose 10 - 31 = 3*i - 3*f, 0 = -2*i + f - 9. Calculate the remainder when 35 is divided by x(i).
5
Let t = -2561 + 3423. Calculate the remainder when t is divided by 16.
14
Let n(w) = 71*w**2 + 13*w - 28. What is the remainder when n(3) is divided by 186?
92
Suppose 8*m - 22 = 266. Let t = 9 + -2. Calculate the remainder when m*2*(-2)/(-8) is divided by t.
4
Suppose -3*p - 21 = -5*k, -2*p + 1141 = -2*k + 1143. What is the remainder when 3893 is divided by k?
5
Let z be 12/18 - 5/(45/78). Let t = -2 - z. Suppose m + 5*s = 42, -4*m + t*m - 123 = 3*s. What is the remainder when m is divided by 20?
17
Let y be 11676/49 - (-5)/7. Let h = -6 + 9. Calculate the remainder when h/5*(y - 2 - 2) is divided by 48.
45
Let n(a) = a**3 - 33*a**2 + 40*a + 4. What is the remainder when n(33) is divided by 95?
89
Let v(h) = -36*h + 307. Calculate the remainder when v(2) is divided by 29.
3
Suppose 3*w + 5*q - 2207 = 3*q, w = -3*q + 752. What is the remainder when w is divided by 124?
111
Suppose -3*d + 867 = 5*r, 60*r - 61*r + 5*d = -151. What is the remainder when 223 is divided by r?
52
Suppose -46*n + 51*n = 10. Suppose 0 = x - 5, 0 = -y - 4*y - n*x + 95. What is the remainder when 47 is divided by y?
13
Let k = 92 - -1407. Calculate the remainder when k is divided by 150.
149
Suppose 11*h - 208 = -43. Let o be 767/h + (-16)/120. Suppose 0*z - 3*w - o = -3*z, -z - 2*w = -17. What is the remainder when 44 is divided by z?
10
Suppose -5*o = 4*c - 146, -2*o = 4*c + 535 - 663. Let t = 11 + -14. What is the remainder when (1204/21)/((-1)/t) is divided by c?
27
Suppose 2654 = 3*k + 4*t - 1196, -3*k + 5*t + 3787 = 0. Calculate the remainder when k is divided by 51.
50
Let v(s) = -12*s + 2. Suppose 3*l = -x - 8, 5*x - 2*l = -19 + 47. Let b(r) = -44*r + 423. What is the remainder when b(x) is divided by v(-4)?
47
Let c(o) = -o + 14. What is the remainder when -4 + (-1 + (-4213)/(-44) - (-4)/16) is divided by c(-13)?
10
Let c be 56/6*3/2. Suppose 0 = -c*j - 83 + 1329. What is the remainder when j is divided by 48?
41
Suppose -2*q = -5*n + 26, 9*n + 5*q = 14*n - 20. Suppose -n*i + 123 + 171 = 0. Calculate the remainder when 244 is divided by i.
48
Suppose 4*h + r = 897, -5*h = -0*r + 5*r - 1110. What is the remainder when 777 is divided by h?
102
Let w(t) = -t**2 - 8*t - 4. Let f = 69 - 72. Calculate the remainder when 21 is divided by w(f).
10
Suppose 26*w = 25*w - 14. Let t(d) = -2*d - 22. Calculate the remainder when (-1)/(-5) - ((-168)/10 + 1) is divided by t(w).
4
Suppose 4*p - 77 - 99 = 0. Suppose 46 + 125 = -19*t. Let i(x) = 19*x + 187. Calculate the remainder when p is divided by i(t).
12
Suppose -5*l + 5*w + 280 = 0, 840*l - 838*l - 76 = -4*w. What is the remainder when 394*1/(-4)*-2 is divided by l?
47
Suppose -23*s - 2482 + 3443 + 3202 = 0. What is the remainder when 5790 is divided by s?
179
Let l = 52 + 13. Suppose -18104*h + 1770 = -18045*h. What is the remainder when l is divided by h?
5
Suppose i = p + 3, -7*i + 10*i + 15 = -3*p. Let s(o) = 5*o**2 - 9*o - 3. What is the remainder when s(p) is divided by 41?
31
Let o(l) = 7*l - 4. Let p be (-99)/(-15) + 24/(-40). Suppose 9 = 4*k + t, 5*k - t - 15 = -p*t. What is the remainder when o(k) is divided by 4?
2
Let z be -3 + 6 - 34/(1 - 2). Suppose 0 = 2*f - 5*a - z, -a = -0*a + 5. Let w = -5 - -8. What is the remainder when f is divided by w?
0
Let c = 8408 - 8261. What is the remainder when 218 is divided by c?
71
What is the remainder when 337 is divided by (-168)/96 + 2 + 1294/8?
13
Suppose i = 5*u + 89, -86 = 2*i - 3*i + 4*u. Calculate the remainder when i is divided by 103/618*9/2 + 77/4.
14
Suppose -31*q + 123 = -32. Suppose 4*g - q*h = 111, -3*g - h + 13 = -56. What is the remainder when 112 is divided by g?
16
Let z = 633 - 631. Suppose 5*p - 38 = -z*v, -26 = -3*p - 14*v + 12*v. Let x = -82 - -123. What is the remainde